- 4. Let n be w(-2). Let d = -9 + 14. Suppose -s - 12 = -3*i, -n = -5*i + i + d*s. What is the highest common factor of 6 and i?
2
Let o be 49 - ((-7)/(-14))/(2/(-12)). Calculate the greatest common factor of o and 13.
13
Suppose 0*z + 2*b - 16 = 2*z, 3*z + b = -32. Let x(k) = -5*k - 10. Let p be x(z). What is the greatest common divisor of 100 and p?
20
Suppose 5*z + 56 = 9*z. Calculate the greatest common divisor of z and 14.
14
Let l(a) = a**2 + 12*a - 25. Let k be l(-15). Calculate the highest common factor of 10 and k.
10
Let g(z) = z**3 - 19*z**2 + z - 11. Let s be g(19). Suppose 0 = 3*a - 0*a + i - 91, 3*i - 81 = -3*a. What is the greatest common factor of s and a?
8
Suppose -3*o + 1 + 2 = 0. Let i be (6 - o)/(5/5). Suppose 86 = i*h - 2*x, x - 32 = -2*h + 3*x. What is the highest common factor of 9 and h?
9
Suppose 5*x - 12 = 8, 29 = 3*t - 4*x. Calculate the highest common divisor of 6 and t.
3
Let m(n) = -n**2 + 3*n + 7. Let o be m(3). Suppose -2 = -f + 2. Suppose -f*s - r = -307, 4*s + 311 = 8*s - 3*r. Calculate the highest common divisor of o and s.
7
Suppose 0*m - 12 = -3*m. Suppose 4*o - v - 9 = 0, -v + 4 = 5. Calculate the greatest common factor of o and m.
2
Let t = -4 - 1. Let d(i) = 3*i**2 + i + 7. Let l be d(t). Calculate the greatest common factor of 11 and l.
11
Suppose 94 + 200 = 2*c. Calculate the highest common factor of 21 and c.
21
Let v(h) = h**2 + 11*h + 18. Let r be v(-24). What is the greatest common factor of 30 and r?
30
Suppose -120 = -2*b - 2*b. What is the greatest common factor of 10 and b?
10
Let m(i) = -i**2 + 7*i + 3. Let t be m(6). Suppose -15 = 5*d, 18 + 15 = 3*z - 5*d. Calculate the greatest common factor of t and z.
3
Let t(r) = -47*r - 1. Let h be t(-1). What is the highest common factor of h and 414?
46
Let m be (0 + -1)/((-2)/80). Let s = 2 + 14. Calculate the greatest common factor of s and m.
8
Suppose -458 + 26 = -9*n. Calculate the highest common divisor of 32 and n.
16
Suppose -17*n = 388 - 1459. Calculate the highest common divisor of 27 and n.
9
Let w = 6 - -6. What is the greatest common divisor of 12 and w?
12
Suppose -2*c = -82 + 80. What is the greatest common factor of 7 and c?
1
Let c(n) = 27*n + 7. Let f be c(3). Calculate the greatest common factor of f and 132.
44
Suppose 0 = u - 4*u - p + 48, -5*u = -2*p - 69. Suppose -5*d + 45 = -u. What is the greatest common factor of d and 24?
12
Suppose -34 = -0*i + i + 5*z, -2*i - 3*z - 40 = 0. Let t = 140 + i. Let q be t/4 - (-4)/8. What is the highest common divisor of q and 16?
16
Let x = -1 - 15. Let f be ((-20)/x)/(2/(-24)). Let n = -11 - f. What is the greatest common factor of n and 8?
4
Suppose 67 - 25 = 3*u. Let i be (-14)/1*(-3)/2. Calculate the greatest common factor of i and u.
7
Let s be 3/12*(-4 + 0). Let p be (-11)/(-2)*(3 + s). Calculate the greatest common divisor of 11 and p.
11
Let i(y) = -2*y + 18. Let k be i(-4). Calculate the greatest common divisor of k and 2.
2
Suppose 0 = -2*t + 24 + 20. What is the greatest common factor of 154 and t?
22
Let v be 4/(-10) + 134/10. Let y = v - 6. Calculate the greatest common factor of y and 77.
7
Let x(j) = -j + 19. Let o be x(0). What is the greatest common divisor of o and 19?
19
Let m = -11 + 17. Let f = 12 + m. What is the highest common divisor of 9 and f?
9
Let b be 10/(-4) - 1/2. Let a = b + 0. Let c be (10 + -1)*(-2)/a. Calculate the highest common divisor of c and 30.
6
Let h be 0*(2 + 3/(-2)). Let a = -3 - h. Let g be a - -2 - 92/(-1). Calculate the greatest common divisor of g and 13.
13
Let p(j) = j**3 + 21*j**2 + 20*j + 27. Let v be p(-20). Calculate the highest common divisor of v and 135.
27
Suppose -3*p = 2 - 17. Suppose w + 116 = 3*j, -2*j - 3*j + w + 196 = 0. What is the greatest common factor of p and j?
5
Let a = 10 + -7. Suppose -3*b - a*l = -27, 6*l - 2*l + 12 = 2*b. Suppose 4*r - 64 = 2*r. Calculate the highest common divisor of b and r.
8
Let l(y) = y**2 + 4*y + 1. Let v be l(-4). Let n be (v + 1/(-2))*2. Calculate the highest common divisor of n and 9.
1
Let p(n) = 5*n + 4. Let b(y) = -y - 1. Let a(c) = 18*b(c) + 4*p(c). Let k be a(7). What is the greatest common divisor of 132 and k?
12
Let x = 80 + -78. What is the greatest common factor of 2 and x?
2
Let z = 31 + -19. Suppose -4*g + 2*g + 4 = 0. Let y be z*(g + (-10)/8). Calculate the greatest common factor of 63 and y.
9
Suppose 2*o + g - 235 = 0, 0*o - 3*g - 615 = -5*o. Let a be o/50 - 3/(-5). Calculate the greatest common factor of a and 21.
3
Let m be 2/(8/(-46))*(-20)/2. What is the highest common factor of 46 and m?
23
Let p(y) = y**2 + y + 27. Let t be p(0). Calculate the greatest common factor of t and 72.
9
Suppose 3*y - 4 - 3 = 4*r, 2*r - 2*y + 6 = 0. Suppose -5*g + 50 = -30. Calculate the greatest common divisor of r and g.
2
Let m be (-1)/(((-10)/(-8))/(-5)). Let k(f) = -f**2 + 6*f - 5. Let w be k(m). Calculate the greatest common divisor of w and 1.
1
Suppose -2*n + 9 = n. Suppose n*o = 2*o + 57. Suppose -10*c = 67 - 257. What is the highest common factor of c and o?
19
Let k = -26 - -45. Calculate the greatest common factor of 76 and k.
19
Let l(w) = -w - 5. Let y be l(-10). Suppose -p = -y*p + 40. What is the greatest common factor of p and 25?
5
Suppose -11 = -2*l + 5*k, 0 = 5*l - k - 16 - 0. Calculate the highest common factor of 24 and l.
3
Suppose 2*s = s + 75. Suppose -4*m = -17 - s. What is the highest common divisor of m and 46?
23
Suppose 0*r = 2*r - 396. Suppose 4*a - 68 = 220. Suppose -8*s + 4*s + a = 0. Calculate the greatest common divisor of s and r.
18
Let w be -39*8/12*-5. Let t = 0 - -52. What is the highest common divisor of t and w?
26
Suppose 2*g + 9 = 3*g. Let m = -2 - 40. Let k = -24 - m. What is the highest common factor of k and g?
9
Let s be (-1)/(-3) + (-197)/(-3). Let g be 9/3 - (-4 - -1). Calculate the highest common divisor of s and g.
6
Let b(l) = l**3 + 4*l**2 - 5*l - 1. Let y be b(-5). Let w be -2 + (5 - (y - -1)). Suppose -w*p = -21 - 6. What is the greatest common factor of 27 and p?
9
Let v(n) = 3*n**2 - 3*n + 5 - 7 + 5. Let y = 6 - 4. Let m be v(y). What is the greatest common divisor of 63 and m?
9
Suppose 7*f - 3 = 2*f - 4*p, -3*f + p = -12. Suppose -4*m = 3*j - m - 54, 5*m - 45 = -2*j. What is the highest common factor of j and f?
3
Let n be 26/4 + (-1)/2. Let g be 3*(1 + -2)/(-1). Calculate the greatest common factor of n and g.
3
Let o be -2 - (39/(-3) + 4). Let g be 79 + -1 - (0 - -1). What is the greatest common factor of o and g?
7
Suppose 7 = z - 8. Calculate the greatest common factor of 5 and z.
5
Let b = 34 - 14. Calculate the highest common factor of b and 140.
20
Suppose 4*s = 2*s + 4*d + 38, 0 = -4*s - 4*d + 16. Calculate the greatest common divisor of 63 and s.
9
Let n be (-2)/4*16/(-4). Let k(x) = -x. Let z be k(-6). Suppose 4 = y - z. What is the greatest common factor of y and n?
2
Let l(f) = f**2 - 18*f + 7. Let i be l(17). Let k = i + 20. What is the highest common divisor of 110 and k?
10
Let n(b) = 7*b. Let q be (3 - 0)*(-16)/(-6). Let c be n(q). Suppose -6*p + p + 43 = -l, 4*l + 12 = 0. What is the greatest common factor of p and c?
8
Suppose 101 = 4*y - 3. Suppose 0 = 5*w - 33 - 32. What is the greatest common factor of y and w?
13
Let a be (7/(-1))/(1*(-5)/170). Calculate the greatest common factor of 28 and a.
14
Let t be 2421/21 + (-4)/14. Calculate the greatest common divisor of 23 and t.
23
Let y(d) = -d + 4. Let q be y(0). Let v be (-332)/14 + q/(-14). Let i = 16 - v. What is the highest common factor of 10 and i?
10
Suppose 0 = -3*y + 4*o + 316, 3*y - 318 = -0*y + 3*o. Calculate the greatest common divisor of 12 and y.
12
Suppose 0 = -5*i - 20, 3*c + 3*i = 5*i + 350. Calculate the greatest common divisor of 6 and c.
6
Suppose 5*x + 0*x - 2*k - 118 = 0, -124 = -5*x - 4*k. What is the highest common divisor of 8 and x?
8
Suppose 8*x - 3*x = 15. Calculate the highest common factor of x and 9.
3
Let m be (-3)/(-6)*6/1. Suppose m = h - 0*h. Suppose 2*a + 2*a - 3*q = 15, a + 3*q = 0. Calculate the highest common divisor of h and a.
3
Suppose 2*y = 3*m + m + 48, y = -4*m. What is the highest common divisor of 128 and y?
16
Let d be 135/(-3) - 4/2. Let v = d - -67. Let k be (-3)/(18/20)*-3. What is the highest common factor of v a